tor of 388094013?
False
Is 5824968 a multiple of 6?
True
Does 58 divide 254218276?
False
Does 2250 divide 9164250?
True
Is 4198402534 a multiple of 4913?
False
Is 7076 a factor of 1694489720?
True
Does 24 divide 44339539?
False
Is 398555894 a multiple of 5?
False
Is 558 a factor of 49901327?
False
Is 19421800 a multiple of 361?
True
Does 118 divide 910593905?
False
Does 399 divide 31991022?
True
Is 156069348 a multiple of 173?
False
Is 121 a factor of 141709809?
False
Is 5417 a factor of 901551310?
True
Is 169 a factor of 2334837?
False
Is 32 a factor of 15800576?
True
Does 44 divide 12114892?
False
Is 46363582 a multiple of 192?
False
Is 558 a factor of 135272034?
True
Is 36 a factor of 2428280793?
False
Does 3297 divide 25930461?
False
Is 10042780 a multiple of 220?
True
Does 70 divide 43555120?
True
Is 25 a factor of 367364469?
False
Does 74 divide 809811142?
False
Does 36 divide 71549109?
False
Is 353298528 a multiple of 198?
True
Is 53 a factor of 571972504?
False
Is 69 a factor of 111383252?
False
Does 28 divide 55418720?
True
Is 1391 a factor of 12058579?
True
Does 18 divide 748898040?
False
Is 46623754 a multiple of 120?
False
Does 50 divide 81762100?
True
Does 8296 divide 2840730347?
False
Is 65 a factor of 201729775?
True
Is 21657942 a multiple of 18?
True
Is 60398342 a multiple of 1535?
False
Does 28 divide 2256442?
False
Is 2045537431 a multiple of 19?
False
Is 1748374 a multiple of 46?
False
Is 1106 a factor of 764770244?
True
Is 111 a factor of 32958199?
False
Is 1135842614 a multiple of 159?
False
Does 3 divide 392660489?
False
Is 954 a factor of 6449122998?
True
Is 2 a factor of 7285302?
True
Does 3 divide 5175161?
False
Is 19639340 a multiple of 712?
False
Is 95 a factor of 523976585?
True
Is 537 a factor of 957186529?
False
Is 738 a factor of 513923274?
True
Is 481 a factor of 7229430?
True
Is 30 a factor of 583980?
True
Is 8498 a factor of 2017161762?
True
Does 838 divide 14480339?
False
Is 28788450 a multiple of 281?
True
Is 2797 a factor of 10122343?
True
Is 3067103256 a multiple of 133?
False
Is 188447753 a multiple of 2145?
False
Is 1721 a factor of 274179394?
True
Is 53221436 a multiple of 252?
False
Is 2473850 a multiple of 223?
False
Is 4426720 a multiple of 365?
True
Is 1025747442 a multiple of 9?
True
Is 629438560 a multiple of 3352?
True
Is 7876472 a multiple of 6?
False
Does 56 divide 87438624?
True
Is 3 a factor of 1780431?
True
Is 5063756544 a multiple of 3542?
True
Does 12 divide 163103020?
False
Is 9 a factor of 142476513?
False
Does 65 divide 139313651?
False
Is 18 a factor of 102290382?
True
Is 360921240 a multiple of 360?
True
Is 27 a factor of 26636256?
True
Does 262 divide 2746022?
True
Is 52864066 a multiple of 17?
False
Is 12 a factor of 893252964?
True
Does 506 divide 357387294?
True
Does 101 divide 865236380?
False
Is 489183044 a multiple of 532?
True
Does 30 divide 47571960?
True
Does 1051 divide 14249795?
False
Does 352 divide 424517280?
True
Does 3 divide 9675650?
False
Does 171 divide 73224718?
False
Is 139 a factor of 43128341?
False
Is 1685 a factor of 83845600?
True
Does 11 divide 11569965?
True
Does 5 divide 2369241?
False
Is 157658712 a multiple of 8?
True
Is 6815 a factor of 831679596?
False
Is 608 a factor of 139066016?
True
Does 167 divide 17492223?
False
Is 2160 a factor of 76885200?
True
Is 1209 a factor of 22505346?
False
Is 106906018 a multiple of 2079?
False
Is 77 a factor of 2960146473?
False
Is 56840756 a multiple of 7?
True
Is 1505052573 a multiple of 183?
True
Is 179892977 a multiple of 18?
False
Does 12 divide 1827423360?
True
Is 833 a factor of 44140?
False
Is 936801 a multiple of 9?
True
Does 11 divide 58922452?
False
Is 42 a factor of 1274627039?
False
Does 14 divide 305434110?
False
Is 553198363 a multiple of 100?
False
Does 1217 divide 1001769268?
False
Is 4717 a factor of 1931102454?
False
Is 18044201 a multiple of 3?
False
Is 146626699 a multiple of 861?
False
Is 25371368 a multiple of 44?
True
Is 15 a factor of 3031231275?
True
Is 280 a factor of 17003945?
False
Does 2787 divide 144118179?
False
Is 960 a factor of 958188480?
True
Is 710982489 a multiple of 589?
True
Does 12 divide 137631360?
True
Does 6150 divide 426557850?
True
Is 71 a factor of 3972379?
True
Does 3451 divide 590414335?
True
Does 91 divide 5412906?
False
Does 27 divide 28223578?
False
Is 417662628 a multiple of 186?
True
Is 47 a factor of 321097561?
True
Is 309 a factor of 119454456?
True
Does 41 divide 238323365?
True
Is 69 a factor of 107434725?
True
Does 4 divide 255099050?
False
Is 270 a factor of 49228724?
False
Is 377281687 a multiple of 173?
True
Is 616768579 a multiple of 12?
False
Does 8 divide 1644850862?
False
Does 113 divide 5051665?
True
Is 584123804 a multiple of 4444?
True
Does 68 divide 4842188561?
False
Does 2813 divide 269704814?
True
Does 7 divide 16469362?
True
Is 1141 a factor of 4262914?
False
Is 51452493 a multiple of 7?
False
Does 6 divide 34598135?
False
Is 4 a factor of 816239339?
False
Does 279 divide 250206979?
False
Is 266 a factor of 689930211?
False
Does 21 divide 1019433471?
True
Is 25458770 a multiple of 10?
True
Does 29 divide 129609644?
False
Is 561 a factor of 62297367?
True
Is 46492092 a multiple of 62?
False
Is 4333716 a multiple of 4?
True
Is 180088140 a multiple of 974?
False
Is 1885 a factor of 569805596?
False
Is 1273 a factor of 57619799?
True
Is 29631360 a multiple of 1265?
True
Is 67 a factor of 80693069?
False
Is 1101 a factor of 123980182?
False
Is 76 a factor of 126612884?
True
Does 324 divide 1057659085?
False
Is 1437931267 a multiple of 19?
True
Is 341907970 a multiple of 10?
True
Is 1152 a factor of 363500928?
True
Is 3 a factor of 14269290?
True
Is 42492695 a multiple of 44?
False
Does 22 divide 34108360?
True
Is 857 a factor of 58952173?
True
Is 2242795 a multiple of 5?
True
Does 13 divide 943235358?
True
Is 633132438 a multiple of 373?
True
Is 202 a factor of 89864692?
False
Is 1108 a factor of 106999560?
True
Is 41 a factor of 217606997?
False
Is 606 a factor of 415537230?
True
Does 23 divide 54963301?
False
Is 2516690376 a multiple of 248?
False
Does 131 divide 15697603?
False
Is 2 a factor of 22537092?
True
Does 13 divide 158581202?
True
Is 256 a factor of 730905211?
False
Is 8 a factor of 1131741769?
False
Is 10960038 a multiple of 2?
True
Is 103 a factor of 106513891?
False
Is 159 a factor of 44032808?
False
Is 19797146 a multiple of 1258?
True
Is 42 a factor of 73208169?
False
Is 5059671 a multiple of 14?
False
Does 5 divide 5301825?
True
Is 37 a factor of 102301374?
True
Is 4381 a factor of 148318755?
True
Is 54344375 even?
False
Does 224 divide 32059875?
False
Is 31210329 a multiple of 143?
False
Is 2725 a factor of 838550625?
True
Is 8350428 a multiple of 6?
True
Is 3699992944 a multiple of 7211?
True
Is 859830975 a multiple of 32?
False
Is 299 a factor of 18760755?
True
Is 144 a factor of 5126?
False
Is 1030 a factor of 116689730?
True
Is 74640426 a multiple of 171?
False
Does 151 divide 1424232?
True
Is 294660418 a multiple of 372?
False
Is 175221910 a multiple of 15?
False
Is 279 a factor of 60313849?
False
Is 1070 a factor of 1613037840?
True
Does 2 divide 239356911?
False
Is 172620822 a multiple of 66?
True
Is 55 a factor of 27768235?
True
Does 514 divide 13884682?
True
Is 13089 a factor of 4156128196?
False
Does 360 divide 1775642123?
False
Is 133 a factor of 1904161?
True
Is 14505795 a multiple of 9?
True
Is 684976907 a multiple of 4?
False
Does 83 divide 206335759?
True
Is 82046580 a multiple of 1505?
True
Is 467 a factor of 43334486?
False
Is 365 a factor of 81384415?
True
Is 172516113 a multiple of 21?
True
Is 83 a factor of 323939597?
False
Is 19797401 a multiple of 377?
True
Is 16 a factor of 2860083?
False
Does 83 divide 682213?
False
Is 1643 a factor of 35978414?
True
Does 7902 divide 611017957?
False
Does 25 divide 51788700?
True
Is 176 a factor of 92017090?
False
Is 40 a factor of 146920?
True
Does 40 divide 844535013?
False
Is 12 a factor of 33886715?
False
Is 14 a factor of 111273134?
True
Is 948 a factor of 289348103?
False
Does 7 divide 2129429293?
False
Does 120 divide 5008103?
False
Is 3 a factor of 81853101?
True
Is 45125576 a multiple of 43?
True
Does 41 divide 3687515236?
True
Does 254 divide 1966743082?
True
Is 